{"id":2471,"date":"2024-12-12T09:34:59","date_gmt":"2024-12-12T09:34:59","guid":{"rendered":"https:\/\/optimistic-visvesvaraya.79-137-88-67.plesk.page\/index.php\/produit\/meuble-vitrine-refrigere-melodie-02\/"},"modified":"2024-12-12T13:48:53","modified_gmt":"2024-12-12T13:48:53","slug":"meuble-vitrine-refrigere-melodie-02","status":"publish","type":"product","link":"https:\/\/servizial.com\/en\/meuble-vitrine-refrigere-melodie-02\/","title":{"rendered":"M\u00e9lodie 02 refrigerated display case"},"content":{"rendered":"<p>M\u00e9lodie 02 refrigerated display cabinet.\n\nStructure in lacquered wood veneer (choice of colors).\n\n. 4 castors diam. 125 mm\n\n. 2 doors + 1 shelf,\n\n. 2 handles (optional)\n\n. Decorative frames + custom designs.\n\nChoice of 2-level plexiglass dome + glass shelf or single dome.\n\nCompressor refrigeration\n\nWorktop height: 850 mm\n\nCustomized dimensions on quotation<\/p>\n<p> Structure en placage bois laqu\u00e9 (coloris au choix).<\/p>\n<p>  . 4 roulettes diam 125 mm<\/p>\n<p>  . 2 portes + 1 \u00e9tag\u00e8re, <\/p>\n<p> . 2 poign\u00e9es (option)<\/p>\n<p>  . Cadres d\u00e9coratifs + d\u00e9cors personnalis\u00e9s.<\/p>\n<p> Au choix : Coupole plexi 2 niveaux + \u00e9tag\u00e8re en verre ou coupole simple.<\/p>\n<p> R\u00e9frig\u00e9ration par compresseur<\/p>\n<p> Hauteur du plan de travail : 850 mm<\/p>\n<p> Dimensions personnalis\u00e9es sur devis<\/p>","protected":false},"excerpt":{"rendered":"<p>Meuble vitrine r\u00e9frig\u00e9r\u00e9 M\u00e9lodie 02. Structure en placage bois laqu\u00e9 (coloris au choix). . 4 roulettes diam 125 mm . 2 portes + 1 \u00e9tag\u00e8re, . 2 poign\u00e9es (option) . Cadres d\u00e9coratifs + d\u00e9cors personnalis\u00e9s. Au choix : Coupole plexi 2 niveaux + \u00e9tag\u00e8re en verre ou coupole simple. R\u00e9frig\u00e9ration par compresseur Hauteur du plan [&hellip;]<\/p>","protected":false},"featured_media":2473,"template":"","meta":{"_acf_changed":false,"inline_featured_image":false},"product_brand":[],"product_cat":[37],"product_tag":[],"class_list":{"0":"post-2471","1":"product","2":"type-product","3":"status-publish","4":"has-post-thumbnail","6":"product_cat-vitrine-de-presentation-refrigerees","8":"first","9":"instock","10":"product-type-simple"},"acf":[],"yoast_head":"<!-- This site is optimized with the Yoast SEO plugin v26.6 - https:\/\/yoast.com\/wordpress\/plugins\/seo\/ -->\n<title>Meuble vitrine r\u00e9frig\u00e9r\u00e9 M\u00e9lodie 02 - Servizial<\/title>\n<meta name=\"robots\" content=\"index, follow, max-snippet:-1, max-image-preview:large, max-video-preview:-1\" \/>\n<link rel=\"canonical\" href=\"https:\/\/servizial.com\/en\/meuble-vitrine-refrigere-melodie-02\/\" \/>\n<meta property=\"og:locale\" content=\"en_GB\" \/>\n<meta property=\"og:type\" content=\"article\" \/>\n<meta property=\"og:title\" content=\"Meuble vitrine r\u00e9frig\u00e9r\u00e9 M\u00e9lodie 02 - Servizial\" \/>\n<meta property=\"og:description\" content=\"Meuble vitrine r\u00e9frig\u00e9r\u00e9 M\u00e9lodie 02. Structure en placage bois laqu\u00e9 (coloris au choix). . 4 roulettes diam 125 mm . 2 portes + 1 \u00e9tag\u00e8re, . 2 poign\u00e9es (option) . Cadres d\u00e9coratifs + d\u00e9cors personnalis\u00e9s. Au choix : Coupole plexi 2 niveaux + \u00e9tag\u00e8re en verre ou coupole simple. R\u00e9frig\u00e9ration par compresseur Hauteur du plan [&hellip;]\" \/>\n<meta property=\"og:url\" content=\"https:\/\/servizial.com\/en\/meuble-vitrine-refrigere-melodie-02\/\" \/>\n<meta property=\"og:site_name\" content=\"Servizial\" \/>\n<meta property=\"article:modified_time\" content=\"2024-12-12T13:48:53+00:00\" \/>\n<meta property=\"og:image\" content=\"https:\/\/servizial.com\/wp-content\/uploads\/2024\/12\/1601984674MELODIE-02.jpg\" \/>\n\t<meta property=\"og:image:width\" content=\"731\" \/>\n\t<meta property=\"og:image:height\" content=\"1200\" \/>\n\t<meta property=\"og:image:type\" content=\"image\/jpeg\" \/>\n<meta name=\"twitter:card\" content=\"summary_large_image\" \/>\n<script type=\"application\/ld+json\" class=\"yoast-schema-graph\">{\"@context\":\"https:\/\/schema.org\",\"@graph\":[{\"@type\":\"WebPage\",\"@id\":\"https:\/\/servizial.com\/en\/meuble-vitrine-refrigere-melodie-02\/\",\"url\":\"https:\/\/servizial.com\/en\/meuble-vitrine-refrigere-melodie-02\/\",\"name\":\"Meuble vitrine r\u00e9frig\u00e9r\u00e9 M\u00e9lodie 02 - Servizial\",\"isPartOf\":{\"@id\":\"https:\/\/servizial.com\/#website\"},\"primaryImageOfPage\":{\"@id\":\"https:\/\/servizial.com\/en\/meuble-vitrine-refrigere-melodie-02\/#primaryimage\"},\"image\":{\"@id\":\"https:\/\/servizial.com\/en\/meuble-vitrine-refrigere-melodie-02\/#primaryimage\"},\"thumbnailUrl\":\"https:\/\/servizial.com\/wp-content\/uploads\/2024\/12\/1601984674MELODIE-02.jpg\",\"datePublished\":\"2024-12-12T09:34:59+00:00\",\"dateModified\":\"2024-12-12T13:48:53+00:00\",\"breadcrumb\":{\"@id\":\"https:\/\/servizial.com\/en\/meuble-vitrine-refrigere-melodie-02\/#breadcrumb\"},\"inLanguage\":\"en-GB\",\"potentialAction\":[{\"@type\":\"ReadAction\",\"target\":[\"https:\/\/servizial.com\/en\/meuble-vitrine-refrigere-melodie-02\/\"]}]},{\"@type\":\"ImageObject\",\"inLanguage\":\"en-GB\",\"@id\":\"https:\/\/servizial.com\/en\/meuble-vitrine-refrigere-melodie-02\/#primaryimage\",\"url\":\"https:\/\/servizial.com\/wp-content\/uploads\/2024\/12\/1601984674MELODIE-02.jpg\",\"contentUrl\":\"https:\/\/servizial.com\/wp-content\/uploads\/2024\/12\/1601984674MELODIE-02.jpg\",\"width\":731,\"height\":1200},{\"@type\":\"BreadcrumbList\",\"@id\":\"https:\/\/servizial.com\/en\/meuble-vitrine-refrigere-melodie-02\/#breadcrumb\",\"itemListElement\":[{\"@type\":\"ListItem\",\"position\":1,\"name\":\"Accueil\",\"item\":\"https:\/\/servizial.com\/\"},{\"@type\":\"ListItem\",\"position\":2,\"name\":\"Produits\",\"item\":\"https:\/\/servizial.com\/shop\/\"},{\"@type\":\"ListItem\",\"position\":3,\"name\":\"Vitrine de pr\u00e9sentation r\u00e9frig\u00e9r\u00e9es\",\"item\":\"https:\/\/servizial.com\/vitrine-de-presentation-refrigerees\/\"},{\"@type\":\"ListItem\",\"position\":4,\"name\":\"Meuble vitrine r\u00e9frig\u00e9r\u00e9 M\u00e9lodie 02\"}]},{\"@type\":\"WebSite\",\"@id\":\"https:\/\/servizial.com\/#website\",\"url\":\"https:\/\/servizial.com\/\",\"name\":\"Servizial\",\"description\":\"\",\"publisher\":{\"@id\":\"https:\/\/servizial.com\/#organization\"},\"potentialAction\":[{\"@type\":\"SearchAction\",\"target\":{\"@type\":\"EntryPoint\",\"urlTemplate\":\"https:\/\/servizial.com\/?s={search_term_string}\"},\"query-input\":{\"@type\":\"PropertyValueSpecification\",\"valueRequired\":true,\"valueName\":\"search_term_string\"}}],\"inLanguage\":\"en-GB\"},{\"@type\":\"Organization\",\"@id\":\"https:\/\/servizial.com\/#organization\",\"name\":\"Servizial\",\"url\":\"https:\/\/servizial.com\/\",\"logo\":{\"@type\":\"ImageObject\",\"inLanguage\":\"en-GB\",\"@id\":\"https:\/\/servizial.com\/#\/schema\/logo\/image\/\",\"url\":\"https:\/\/servizial.com\/wp-content\/uploads\/2024\/12\/image-1.svg\",\"contentUrl\":\"https:\/\/servizial.com\/wp-content\/uploads\/2024\/12\/image-1.svg\",\"width\":300,\"height\":72,\"caption\":\"Servizial\"},\"image\":{\"@id\":\"https:\/\/servizial.com\/#\/schema\/logo\/image\/\"}}]}<\/script>\n<!-- \/ Yoast SEO plugin. -->","yoast_head_json":{"title":"Meuble vitrine r\u00e9frig\u00e9r\u00e9 M\u00e9lodie 02 - Servizial","robots":{"index":"index","follow":"follow","max-snippet":"max-snippet:-1","max-image-preview":"max-image-preview:large","max-video-preview":"max-video-preview:-1"},"canonical":"https:\/\/servizial.com\/en\/meuble-vitrine-refrigere-melodie-02\/","og_locale":"en_GB","og_type":"article","og_title":"Meuble vitrine r\u00e9frig\u00e9r\u00e9 M\u00e9lodie 02 - Servizial","og_description":"Meuble vitrine r\u00e9frig\u00e9r\u00e9 M\u00e9lodie 02. Structure en placage bois laqu\u00e9 (coloris au choix). . 4 roulettes diam 125 mm . 2 portes + 1 \u00e9tag\u00e8re, . 2 poign\u00e9es (option) . Cadres d\u00e9coratifs + d\u00e9cors personnalis\u00e9s. Au choix : Coupole plexi 2 niveaux + \u00e9tag\u00e8re en verre ou coupole simple. R\u00e9frig\u00e9ration par compresseur Hauteur du plan [&hellip;]","og_url":"https:\/\/servizial.com\/en\/meuble-vitrine-refrigere-melodie-02\/","og_site_name":"Servizial","article_modified_time":"2024-12-12T13:48:53+00:00","og_image":[{"width":731,"height":1200,"url":"https:\/\/servizial.com\/wp-content\/uploads\/2024\/12\/1601984674MELODIE-02.jpg","type":"image\/jpeg"}],"twitter_card":"summary_large_image","schema":{"@context":"https:\/\/schema.org","@graph":[{"@type":"WebPage","@id":"https:\/\/servizial.com\/en\/meuble-vitrine-refrigere-melodie-02\/","url":"https:\/\/servizial.com\/en\/meuble-vitrine-refrigere-melodie-02\/","name":"Meuble vitrine r\u00e9frig\u00e9r\u00e9 M\u00e9lodie 02 - Servizial","isPartOf":{"@id":"https:\/\/servizial.com\/#website"},"primaryImageOfPage":{"@id":"https:\/\/servizial.com\/en\/meuble-vitrine-refrigere-melodie-02\/#primaryimage"},"image":{"@id":"https:\/\/servizial.com\/en\/meuble-vitrine-refrigere-melodie-02\/#primaryimage"},"thumbnailUrl":"https:\/\/servizial.com\/wp-content\/uploads\/2024\/12\/1601984674MELODIE-02.jpg","datePublished":"2024-12-12T09:34:59+00:00","dateModified":"2024-12-12T13:48:53+00:00","breadcrumb":{"@id":"https:\/\/servizial.com\/en\/meuble-vitrine-refrigere-melodie-02\/#breadcrumb"},"inLanguage":"en-GB","potentialAction":[{"@type":"ReadAction","target":["https:\/\/servizial.com\/en\/meuble-vitrine-refrigere-melodie-02\/"]}]},{"@type":"ImageObject","inLanguage":"en-GB","@id":"https:\/\/servizial.com\/en\/meuble-vitrine-refrigere-melodie-02\/#primaryimage","url":"https:\/\/servizial.com\/wp-content\/uploads\/2024\/12\/1601984674MELODIE-02.jpg","contentUrl":"https:\/\/servizial.com\/wp-content\/uploads\/2024\/12\/1601984674MELODIE-02.jpg","width":731,"height":1200},{"@type":"BreadcrumbList","@id":"https:\/\/servizial.com\/en\/meuble-vitrine-refrigere-melodie-02\/#breadcrumb","itemListElement":[{"@type":"ListItem","position":1,"name":"Accueil","item":"https:\/\/servizial.com\/"},{"@type":"ListItem","position":2,"name":"Produits","item":"https:\/\/servizial.com\/shop\/"},{"@type":"ListItem","position":3,"name":"Vitrine de pr\u00e9sentation r\u00e9frig\u00e9r\u00e9es","item":"https:\/\/servizial.com\/vitrine-de-presentation-refrigerees\/"},{"@type":"ListItem","position":4,"name":"Meuble vitrine r\u00e9frig\u00e9r\u00e9 M\u00e9lodie 02"}]},{"@type":"WebSite","@id":"https:\/\/servizial.com\/#website","url":"https:\/\/servizial.com\/","name":"Servizial","description":"","publisher":{"@id":"https:\/\/servizial.com\/#organization"},"potentialAction":[{"@type":"SearchAction","target":{"@type":"EntryPoint","urlTemplate":"https:\/\/servizial.com\/?s={search_term_string}"},"query-input":{"@type":"PropertyValueSpecification","valueRequired":true,"valueName":"search_term_string"}}],"inLanguage":"en-GB"},{"@type":"Organization","@id":"https:\/\/servizial.com\/#organization","name":"Servizial","url":"https:\/\/servizial.com\/","logo":{"@type":"ImageObject","inLanguage":"en-GB","@id":"https:\/\/servizial.com\/#\/schema\/logo\/image\/","url":"https:\/\/servizial.com\/wp-content\/uploads\/2024\/12\/image-1.svg","contentUrl":"https:\/\/servizial.com\/wp-content\/uploads\/2024\/12\/image-1.svg","width":300,"height":72,"caption":"Servizial"},"image":{"@id":"https:\/\/servizial.com\/#\/schema\/logo\/image\/"}}]}},"_links":{"self":[{"href":"https:\/\/servizial.com\/en\/wp-json\/wp\/v2\/product\/2471","targetHints":{"allow":["GET"]}}],"collection":[{"href":"https:\/\/servizial.com\/en\/wp-json\/wp\/v2\/product"}],"about":[{"href":"https:\/\/servizial.com\/en\/wp-json\/wp\/v2\/types\/product"}],"version-history":[{"count":1,"href":"https:\/\/servizial.com\/en\/wp-json\/wp\/v2\/product\/2471\/revisions"}],"predecessor-version":[{"id":2472,"href":"https:\/\/servizial.com\/en\/wp-json\/wp\/v2\/product\/2471\/revisions\/2472"}],"wp:featuredmedia":[{"embeddable":true,"href":"https:\/\/servizial.com\/en\/wp-json\/wp\/v2\/media\/2473"}],"wp:attachment":[{"href":"https:\/\/servizial.com\/en\/wp-json\/wp\/v2\/media?parent=2471"}],"wp:term":[{"taxonomy":"product_brand","embeddable":true,"href":"https:\/\/servizial.com\/en\/wp-json\/wp\/v2\/product_brand?post=2471"},{"taxonomy":"product_cat","embeddable":true,"href":"https:\/\/servizial.com\/en\/wp-json\/wp\/v2\/product_cat?post=2471"},{"taxonomy":"product_tag","embeddable":true,"href":"https:\/\/servizial.com\/en\/wp-json\/wp\/v2\/product_tag?post=2471"}],"curies":[{"name":"wp","href":"https:\/\/api.w.org\/{rel}","templated":true}]}}

Mélodie 02 refrigerated display case

<p>Mélodie 02 refrigerated display cabinet.

Structure in lacquered wood veneer (choice of colors).

. 4 castors diam. 125 mm

. 2 doors + 1 shelf,

. 2 handles (optional)

. Decorative frames + custom designs.

Choice of 2-level plexiglass dome + glass shelf or single dome.

Compressor refrigeration

Worktop height: 850 mm

Customized dimensions on quotation</p>
<p> Structure en placage bois laqué (coloris au choix).</p>
<p>  . 4 roulettes diam 125 mm</p>
<p>  . 2 portes + 1 étagère, </p>
<p> . 2 poignées (option)</p>
<p>  . Cadres décoratifs + décors personnalisés.</p>
<p> Au choix : Coupole plexi 2 niveaux + étagère en verre ou coupole simple.</p>
<p> Réfrigération par compresseur</p>
<p> Hauteur du plan de travail : 850 mm</p>
<p> Dimensions personnalisées sur devis</p>

<p>Meuble vitrine réfrigéré Mélodie 02. Structure en placage bois laqué (coloris au choix). . 4 roulettes diam 125 mm . 2 portes + 1 étagère, . 2 poignées (option) . Cadres décoratifs + décors personnalisés. Au choix : Coupole plexi 2 niveaux + étagère en verre ou coupole simple. Réfrigération par compresseur Hauteur du plan [&hellip;]</p>

<!-- This site is optimized with the Yoast SEO plugin v26.6 - https://yoast.com/wordpress/plugins/seo/ -->
<title>Meuble vitrine réfrigéré Mélodie 02 - Servizial</title>
<meta name="robots" content="index, follow, max-snippet:-1, max-image-preview:large, max-video-preview:-1" />
<link rel="canonical" href="https://servizial.com/en/meuble-vitrine-refrigere-melodie-02/" />
<meta property="og:locale" content="en_GB" />
<meta property="og:type" content="article" />
<meta property="og:title" content="Meuble vitrine réfrigéré Mélodie 02 - Servizial" />
<meta property="og:description" content="Meuble vitrine réfrigéré Mélodie 02. Structure en placage bois laqué (coloris au choix). . 4 roulettes diam 125 mm . 2 portes + 1 étagère, . 2 poignées (option) . Cadres décoratifs + décors personnalisés. Au choix : Coupole plexi 2 niveaux + étagère en verre ou coupole simple. Réfrigération par compresseur Hauteur du plan [&hellip;]" />
<meta property="og:url" content="https://servizial.com/en/meuble-vitrine-refrigere-melodie-02/" />
<meta property="og:site_name" content="Servizial" />
<meta property="article:modified_time" content="2024-12-12T13:48:53+00:00" />
<meta property="og:image" content="https://servizial.com/wp-content/uploads/2024/12/1601984674MELODIE-02.jpg" />
	<meta property="og:image:width" content="731" />
	<meta property="og:image:height" content="1200" />
	<meta property="og:image:type" content="image/jpeg" />
<meta name="twitter:card" content="summary_large_image" />
<script type="application/ld+json" class="yoast-schema-graph">{"@context":"https://schema.org","@graph":[{"@type":"WebPage","@id":"https://servizial.com/en/meuble-vitrine-refrigere-melodie-02/","url":"https://servizial.com/en/meuble-vitrine-refrigere-melodie-02/","name":"Meuble vitrine réfrigéré Mélodie 02 - Servizial","isPartOf":{"@id":"https://servizial.com/#website"},"primaryImageOfPage":{"@id":"https://servizial.com/en/meuble-vitrine-refrigere-melodie-02/#primaryimage"},"image":{"@id":"https://servizial.com/en/meuble-vitrine-refrigere-melodie-02/#primaryimage"},"thumbnailUrl":"https://servizial.com/wp-content/uploads/2024/12/1601984674MELODIE-02.jpg","datePublished":"2024-12-12T09:34:59+00:00","dateModified":"2024-12-12T13:48:53+00:00","breadcrumb":{"@id":"https://servizial.com/en/meuble-vitrine-refrigere-melodie-02/#breadcrumb"},"inLanguage":"en-GB","potentialAction":[{"@type":"ReadAction","target":["https://servizial.com/en/meuble-vitrine-refrigere-melodie-02/"]}]},{"@type":"ImageObject","inLanguage":"en-GB","@id":"https://servizial.com/en/meuble-vitrine-refrigere-melodie-02/#primaryimage","url":"https://servizial.com/wp-content/uploads/2024/12/1601984674MELODIE-02.jpg","contentUrl":"https://servizial.com/wp-content/uploads/2024/12/1601984674MELODIE-02.jpg","width":731,"height":1200},{"@type":"BreadcrumbList","@id":"https://servizial.com/en/meuble-vitrine-refrigere-melodie-02/#breadcrumb","itemListElement":[{"@type":"ListItem","position":1,"name":"Accueil","item":"https://servizial.com/"},{"@type":"ListItem","position":2,"name":"Produits","item":"https://servizial.com/shop/"},{"@type":"ListItem","position":3,"name":"Vitrine de présentation réfrigérées","item":"https://servizial.com/vitrine-de-presentation-refrigerees/"},{"@type":"ListItem","position":4,"name":"Meuble vitrine réfrigéré Mélodie 02"}]},{"@type":"WebSite","@id":"https://servizial.com/#website","url":"https://servizial.com/","name":"Servizial","description":"","publisher":{"@id":"https://servizial.com/#organization"},"potentialAction":[{"@type":"SearchAction","target":{"@type":"EntryPoint","urlTemplate":"https://servizial.com/?s={search_term_string}"},"query-input":{"@type":"PropertyValueSpecification","valueRequired":true,"valueName":"search_term_string"}}],"inLanguage":"en-GB"},{"@type":"Organization","@id":"https://servizial.com/#organization","name":"Servizial","url":"https://servizial.com/","logo":{"@type":"ImageObject","inLanguage":"en-GB","@id":"https://servizial.com/#/schema/logo/image/","url":"https://servizial.com/wp-content/uploads/2024/12/image-1.svg","contentUrl":"https://servizial.com/wp-content/uploads/2024/12/image-1.svg","width":300,"height":72,"caption":"Servizial"},"image":{"@id":"https://servizial.com/#/schema/logo/image/"}}]}</script>
<!-- / Yoast SEO plugin. -->

Meuble vitrine réfrigéré Mélodie 02 - Servizial

Meuble vitrine réfrigéré Mélodie 02. Structure en placage bois laqué (coloris au choix). . 4 roulettes diam 125 mm . 2 portes + 1 étagère, . 2 poignées (option) . Cadres décoratifs + décors personnalisés. Au choix : Coupole plexi 2 niveaux + étagère en verre ou coupole simple. Réfrigération par compresseur Hauteur du plan [&hellip;]

Vitrine de présentation réfrigérées

Meuble vitrine réfrigéré Mélodie 02
